(d) = -244*d - 12818. Determine l(-52).
-130
Let j(o) = -194*o + 3116. Determine j(16).
12
Let j(l) = -l**3 + 36*l**2 + 50*l - 90. What is j(37)?
391
Let o(m) = -m**3 - 5*m**2 + 13*m + 49. Calculate o(-7).
56
Let b(n) = -49*n + 1809. What is b(37)?
-4
Let h(i) = 2*i**2 - 63*i - 19. Calculate h(30).
-109
Let d(z) = z**3 + 64*z**2 - 61*z + 150. Determine d(-65).
-110
Let q(b) = -b**2 + 28*b + 40. Determine q(29).
11
Let w(r) = -3*r**2 - 115*r + 1071. Calculate w(8).
-41
Let t(a) = 3*a**3 + 5*a**2 - 6*a - 32. Calculate t(-2).
-24
Let i(u) = 2*u**3 + 30*u**2 + 73*u - 33. Give i(-14).
-663
Let l(p) = -2*p**2 + 5*p - 13. Determine l(2).
-11
Let p(w) = 2*w**2 + 21*w + 117. Give p(-8).
77
Let u(b) = b**3 + 4*b**2 - b + 1. What is u(-6)?
-65
Let a(b) = 14*b + 17. What is a(20)?
297
Let c(x) = 18*x - 510. Give c(6).
-402
Let g(m) = 2*m**2 - 56*m + 10. Give g(28).
10
Let z(f) = -14*f - 1426. What is z(-85)?
-236
Let d(b) = 4*b**2 + 991*b - 11379. Calculate d(11).
6
Let f(w) = w**3 - 25*w**2 + 59*w + 88. What is f(22)?
-66
Let v(t) = 400*t**3 + t**2 + 12*t - 14. What is v(1)?
399
Let i(l) = l**2 - 58*l - 1026. Calculate i(-14).
-18
Let w(n) = -n**3 + 11*n**2 + n - 30. Determine w(11).
-19
Let i(g) = g**3 + 25*g**2 + 105*g + 10. What is i(-20)?
-90
Let i(m) = m**3 - 10*m**2 + 44*m - 207. What is i(8)?
17
Let m(b) = -87*b - 67. What is m(-3)?
194
Let y(i) = i**2 + 4*i + 16. What is y(-2)?
12
Let z(g) = g**3 - 24*g**2 - 56*g + 42. Determine z(26).
-62
Let f(u) = -5854*u + 17566. Determine f(3).
4
Let w(l) = 2*l**2 - 28*l + 107. Give w(7).
9
Let i(l) = 3*l**3 - 40*l**2 + 34. Determine i(13).
-135
Let m(w) = -10*w**3 + 17*w**2 + 15*w - 1. Calculate m(-1).
11
Let i(p) = -23*p + 3899. Give i(168).
35
Let i(n) = -107*n + 564. Determine i(5).
29
Let j(l) = l**3 + 23*l**2 - 45*l - 52. What is j(-25)?
-177
Let l(x) = 4*x**2 - 55*x + 26. Determine l(13).
-13
Let y(j) = -j**3 - 34*j**2 + 2013*j + 24. Calculate y(31).
-38
Let h(c) = 108*c**2 + 435*c + 5. What is h(-4)?
-7
Let p(s) = 204*s + 37524. Calculate p(-184).
-12
Let b(a) = 80*a + 444. Give b(-6).
-36
Let m(t) = 3*t - 10. What is m(-28)?
-94
Let w(f) = -4*f**2 - 45*f + 226. Calculate w(-12).
190
Let s(x) = 772*x + 7717. Calculate s(-10).
-3
Let u(r) = -2*r**3 - 68*r**2 - 47. Give u(-34).
-47
Let x(g) = 6*g**2 - 2822*g - 2823. What is x(-1)?
5
Let d(a) = a**3 - 3*a**2 - a - 20. What is d(0)?
-20
Let t(f) = f + 166. What is t(17)?
183
Let k(s) = -6*s**3 + 120*s**2 - 5*s + 206. Determine k(20).
106
Let s(w) = w**3 + 6*w**2 - 26*w + 14. Determine s(-8).
94
Let k(a) = -2353*a - 23516. Calculate k(-10).
14
Let z(w) = -w**2 - 74*w - 915. Give z(-19).
130
Let z(c) = 3*c + 89. What is z(-22)?
23
Let v(n) = 5*n**2 + 407*n + 1321. Calculate v(-78).
-5
Let g(k) = 57*k - 7. What is g(2)?
107
Let p(w) = -8805*w - 88043. Determine p(-10).
7
Let p(s) = -s**2 + 37*s + 24. Give p(37).
24
Let o(u) = 192*u + 202. Determine o(-1).
10
Let z(s) = s**3 + 5*s**2 - 3*s - 7. Determine z(4).
125
Let v(u) = u**3 - 10*u**2 + 11*u - 13. What is v(9)?
5
Let z(x) = -x**3 - 30*x**2 + 29*x - 51. Calculate z(-31).
11
Let s(a) = 600*a + 498. Give s(-2).
-702
Let u(j) = j**2 - 836*j - 6755. Calculate u(-8).
-3
Let f(w) = -w**2 + 245*w - 6990. Determine f(33).
6
Let n(z) = z**3 - 56*z**2 + 108*z - 8. What is n(54)?
-8
Let s(c) = c - 95. What is s(16)?
-79
Let f(x) = -2*x**3 + 61*x**2 - 435*x - 26. Give f(19).
12
Let z(f) = 7*f**2 + 89*f - 1368. Give z(9).
0
Let t(c) = -2*c**2 - 70*c + 1870. Calculate t(17).
102
Let u(q) = 4*q**2 + 344*q + 4497. Calculate u(-70).
17
Let u(l) = 687*l - 10300. Give u(15).
5
Let l(h) = -410*h**2 + 1639*h + 1. Give l(4).
-3
Let d(c) = -27*c - 1365. Determine d(-58).
201
Let f(p) = -27*p - 38. Give f(0).
-38
Let g(t) = -144*t + 2006. What is g(14)?
-10
Let n(j) = -6*j - 84. What is n(5)?
-114
Let q(p) = p**3 + 37*p**2 + 190*p + 140. What is q(-31)?
16
Let v(j) = -56*j - 836. Give v(-15).
4
Let x(n) = -n**3 + 290*n**2 + 3003*n + 34. Calculate x(-10).
4
Let b(t) = t**3 - t**2 + t - 214. What is b(0)?
-214
Let a(n) = -1063*n - 28692. Give a(-27).
9
Let d(u) = -5*u**2 + 8*u + 9. Give d(4).
-39
Let l(h) = 4*h**2 + 3*h - 14. Determine l(2).
8
Let l(q) = -13699*q + 123274. Determine l(9).
-17
Let x(n) = 51*n + 1286. What is x(-26)?
-40
Let d(v) = 161*v + 1024. Give d(-6).
58
Let q(i) = -1038*i - 5191. What is q(-5)?
-1
Let f(g) = -177*g - 33987. What is f(-192)?
-3
Let y(f) = 51*f**3 - f**2 + 4*f + 56. Give y(0).
56
Let b(a) = -17*a**3 + 4*a**2 - 4*a. Calculate b(3).
-435
Let i(c) = 151*c**2 + 756*c + 3. Calculate i(-5).
-2
Let m(r) = -r**2 - 23*r - 1. Give m(-26).
-79
Let l(h) = h**3 - 57*h**2 + 4*h - 117. Determine l(57).
111
Let g(d) = -12*d - 117. What is g(-8)?
-21
Let r(p) = p**2 - 49*p + 464. Determine r(35).
-26
Let k(u) = -20*u**3 + 2*u**2 + 38*u - 10. Determine k(4).
-1106
Let g(i) = -246*i**3 - 9*i**2 - 10*i - 2. Calculate g(-1).
245
Let b(x) = 19633*x + 78516. Calculate b(-4).
-16
Let s(u) = -4*u - 29. Give s(-3).
-17
Let t(f) = 677*f - 9467. What is t(14)?
11
Let y(j) = 113*j + 146. What is y(-1)?
33
Let v(u) = -158*u + 3633. Give v(24).
-159
Let d(m) = 7*m + 77. Give d(-17).
-42
Let g(s) = -761*s + 7637. Calculate g(10).
27
Let w(s) = 8*s**2 - 5*s + 2. What is w(-1)?
15
Let c(f) = -5*f**2 + 15*f - 73. Give c(7).
-213
Let t(k) = -8*k**2 + 334*k - 2955. Determine t(29).
3
Let r(p) = p**3 + 7*p**2 + 20*p + 37. Give r(-5).
-13
Let b(c) = -22488*c. What is b(0)?
0
Let p(i) = -i**2 - 114*i + 3057. What is p(23)?
-94
Let a(i) = 6*i**2 - 829*i - 705. Calculate a(139).
-10
Let b(v) = -10*v**2 - 32*v - 66. Give b(-2).
-42
Let k(q) = -q**3 + 109*q**2 - 328*q + 1059. Determine k(106).
-1
Let y(d) = 734*d - 2206. Calculate y(3).
-4
Let j(q) = 146*q + 1755. Determine j(-12).
3
Let f(k) = 2*k**2 - 54*k - 255. Give f(28).
-199
Let n(t) = t**3 - 33*t**2 - 172*t - 684. Calculate n(38).
0
Let t(s) = s**3 + 73*s**2 - 341*s - 2528. What is t(-77)?
13
Let f(l) = -312*l - 6. What is f(-1)?
306
Let m(u) = 3*u**3 - 55*u**2 - 89*u - 215. Determine m(20).
5
Let n(i) = i**2 - 339*i - 91. Determine n(0).
-91
Let j(n) = 12*n**2 - 264*n - 39. What is j(22)?
-39
Let u(g) = -5658*g - 5673. Determine u(-1).
-15
Let r(d) = -673*d - 2062. Give r(-3).
-43
Let g(l) = -222*l**2 + 41*l - 41. Determine g(1).
-222
Let q(w) = -34*w**2 + 12*w + 1. Give q(1).
-21
Let q(n) = -66*n + 107. Give q(3).
-91
Let p(m) = -m**3 + 47*m**2 + 49*m - 100. What is p(48)?
-52
Let r(t) = 204*t + 2102. Give r(-9).
266
Let y(o) = o**3 - 49*o**2 + 135*o + 100. Give y(46).
-38
Let g(z) = 3*z**3 + 15*z**2 + 27*z + 40. Determine g(-9).
-1175
Let p(u) = u**2 - 46*u + 275. What is p(40)?
35
Let z(j) = -406*j - 4063. Calculate z(-10).
-3
Let l(o) = -4*o**3 + 972*o**2 + 20*o - 4857. What is l(243)?
3
Let k(x) = 23*x**3 - 184*x**2 - 2*x + 20. Calculate k(8).
4
Let b(t) = -t**2 + 18*t + 73. What is b(24)?
-71
Let w(h) = -h**3 + 30*h**2 - 24*h + 3. Determine w(4).
323
Let a(y) = 289*y + 14. Calculate a(0).
14
Let y(z) = -71*z - 223. Give y(-3).
-10
Let l(i) = 129*i - 3968. Determine l(25).
-743
Let p(y) = 4*y**2 - 298*y - 3199. Determine p(84).
-7
Let s(g) = 2*g**3 - 66*g**2 + 535*g - 55. Calculate s(19).
2
Let j(r) = r**2 - 23*r - 256. Determine j(31).
-8
Let m(d) = 6*d**3 - d**2 - 24*d + 72. What is m(3)?
153
Let u(p) = p**2 - 5*p + 12. Calculate u(9).
48
Let p(i) = -12*i + 1661. Give p(15).
1481
Let u(l) = 2*l - 109. Determine u(21).
-67
Let o(t) = -12*t**3 + 75*t**2 - 72*t - 1. Calculate o(1).
-10
Let h(x) = -7*x + 22. Determine h(7).
-27
Let o(p) = 26*p**2 + 4*p - 9. What is o(-1)?
13
Let b(n) = -10*n + 47. What is b(-1)?
57
Let p(x) = 22*x - 78. What is p(4)?
10
Let g(j) = -8037*j - 56249. Determine g(-7).
10
Let l(p) = -2*p**2 - 56*p - 297. What is l(-5)?
-67
Let a(c) = 5*c**3 + 53*c**2 + 39*c - 15. What is a(-1)?
-6
Let w(v) = -49*v**3 - 2*v**2 - 24*v - 21. Give w(-1).
50
Let m(b) = -2637*b + 10557. Determine m(4).
9
Let n(g) = 638*g + 938. Determine n(-2).
-338
Let x(a) = -a**3 + 32*a**2 + 74*a - 29. Determine x(34).
175
Let f(j) = -35*j + 1029. Calculate f(29).
14
Let i(q) = -20*q - 108. Calculate i(-15).
192
Let n(s) = -131*s + 19397. Calculate n(148).
9
Let w(s) = -60*s - 6300. Give w(-107).
120
Let r(k) = -k**3 + 29*k - 72. Give r(3).
-12
Let k(i) = -15*i**2 - 83*i - 13. 